, -25 = 5*y - 10*y + 5*m. What is the units digit of y?
1
Suppose -2*c - 2*x = -708, -5*c = 2*x - 1358 - 403. What is the tens digit of c?
5
Let b(h) = -648*h + 6. What is the hundreds digit of b(-3)?
9
Suppose -3*x + 2*v = -54, 6*x - x = -2*v + 74. Let g = 20 - 26. Let r = x + g. What is the tens digit of r?
1
Let m(q) = 12*q - 63. Let k be m(7). What is the tens digit of 2922/k - ((-60)/21 + 3)?
3
Let p(d) = d**2 - 6*d + 11. Let x be p(6). Suppose 3*z + v = x, -2*z + 4*v + 4 = 6. Suppose -31 = z*l - 97. What is the units digit of l?
2
Let l = -18 - -21. Let d(u) = 2*u - 4 + u**2 - u**2 - 2*u**3 + u**l. What is the tens digit of d(-3)?
1
Let g = 691 - -710. What is the hundreds digit of g?
4
Suppose -8 = -4*r, -r - 6 = -4*u - 4. Let f(y) = 23*y**2 + 4*y - 3. Let s(c) = 69*c**2 + 13*c - 10. Let x(i) = 7*f(i) - 2*s(i). What is the units digit of x(u)?
4
Suppose 0*r = r. Suppose 4*t + r*t = 32. Let s(m) = 5*m + 8. What is the units digit of s(t)?
8
Let a(r) = 9*r - 8. Let b be a(4). Let l be b/35 + (-109)/5. Let j = l - -41. What is the units digit of j?
0
Let n(l) = -l - 2. Let z be n(2). Let c be -3 - (z + 3) - -52. Let b = c - 33. What is the tens digit of b?
1
Suppose -3048 = -25*i + 1977. What is the hundreds digit of i?
2
Let b be ((-17)/51)/(2/(-30)). Suppose 0 = 2*o + 3 + b, 2*o = k - 10. What is the units digit of k?
2
Let j(w) = 266*w - 156. What is the thousands digit of j(10)?
2
Suppose 2*k + 12*k - 6328 = 0. What is the units digit of k?
2
Let m be (-11 - -188)/(3/2). Let v = m + -59. Let n = 98 - v. What is the units digit of n?
9
Let b(o) = 15*o**2 + 10. What is the thousands digit of b(-12)?
2
Suppose y - 5397 = -4*c, -23*c + 5*y = -27*c + 5417. What is the hundreds digit of c?
3
Suppose 0 = -29*d + 23*d + 1062. What is the units digit of d?
7
Let b = 337 + -191. What is the tens digit of b?
4
Let t(q) = -3*q**3 - 5*q**2 + 3*q + 20. Suppose 0 = -7*l - 6 - 22. What is the tens digit of t(l)?
2
What is the units digit of 477 + (-7 - 2/(-1))?
2
Let d be (-12)/((-4*2)/4). Suppose -42 = 2*g + d. Let l = -8 - g. What is the tens digit of l?
1
Let q = 112 + -58. Let z(i) = -44*i**3 + i + 0 - 2 + q*i**3. What is the units digit of z(1)?
9
Suppose v - 450 = -v. Suppose -5*t - 2*h + v = -5*h, -3*h = 4*t - 153. Suppose -11*y + 14*y = t. What is the units digit of y?
4
Suppose 4*a + 41 = 5*l, 5*a - 52 = -3*l - 20. Suppose 3*g - 4*m = -2*m + 3, 2*g = -4*m - 14. What is the units digit of l/(-2 - g)*-1?
9
Suppose 118*f - 146*f + 66696 = 0. What is the units digit of f?
2
Suppose -10*n + 5197 + 813 = 0. What is the hundreds digit of n?
6
Let j = 3594 - 597. What is the units digit of j?
7
Let o be -3 + -2 + -224 - 5. Let r = 430 + o. What is the hundreds digit of r?
1
Suppose 3*y + 45 = 4*y - 5*b, 4*y - 2*b = 90. Suppose -5*r - y = 0, 0 = -0*g + 3*g + 2*r - 49. Let a = 28 - g. What is the units digit of a?
9
Suppose 3*j + 4*x = 2006, 3*j - 4*x - 396 = 1570. What is the units digit of j?
2
Suppose 4*v - 9*j - 12924 = -10*j, -3*v = 4*j - 9706. What is the hundreds digit of v?
2
Let f(a) = -103*a**2 - 13*a - 17. Let x(g) = 69*g**2 + 9*g + 11. Let y(h) = 5*f(h) + 8*x(h). What is the hundreds digit of y(-2)?
1
Suppose 2*l + 2*l - 3*n - 39 = 0, -3*l - 7 = 5*n. What is the units digit of (-266)/(-30) + l/45?
9
Suppose -7 = 5*u - 27. Suppose 0*z = 4*z - 4*c - 520, -3*z + 362 = u*c. What is the hundreds digit of z?
1
Let b be 0/2 + 7 - 1. Suppose 3*n - 13*n = 40. Let l = b + n. What is the units digit of l?
2
What is the units digit of (4 + (1064 - -4))/2?
6
Let a(p) = -7*p**2 + 5*p + 3. Let t(m) = -6*m**2 + 5*m + 4. Let u(n) = 5*a(n) - 6*t(n). What is the hundreds digit of u(-9)?
1
Let s be ((-6)/(-15))/((-1)/(-10)). What is the tens digit of s/10 + 183/5?
3
Let c = -151 + 466. Suppose -9*w + 567 = -c. What is the tens digit of w?
9
Let n = -94 + 168. Let b = 104 - n. Let c = -20 + b. What is the tens digit of c?
1
Suppose 0 = 64*k - 24*k - 36600. What is the tens digit of k?
1
Let q(h) = 152*h - 40. What is the tens digit of q(2)?
6
Let l = 1 + 8. Let d = 10 + l. Let k = d - 18. What is the units digit of k?
1
Let r = -356 + 958. What is the units digit of r?
2
Let v = -67 + 61. Let s(j) = -j**3 - 5*j**2 - 9*j - 5. What is the tens digit of s(v)?
8
Let i be (-20)/(-6)*2/((-4)/(-3)). Suppose i*v + 6*g - 606 = 2*g, -5*v + g + 586 = 0. What is the hundreds digit of v?
1
Let a(k) be the first derivative of -5*k**4/2 - k**2/2 - k - 6. Let t be a(-1). Let f = 15 + t. What is the tens digit of f?
2
Suppose 3*u = -5*r - 274, r + r + 116 = 2*u. Let s = r - -89. What is the units digit of s?
3
Let i(x) = -7*x - 5. Let z be i(-2). What is the units digit of 3/(-9) - (-570)/z?
3
Suppose 3*s + 6 = -2*d, -4*d - 5*s = d + 10. Let z = d - -32. What is the tens digit of z?
3
Let b(p) = -58*p + 4 - 117*p**3 - 3 + 2*p**2 + 60*p. What is the tens digit of b(-1)?
1
Suppose 0 = 5*x + 5*h - 20, -x - h = -2*h + 6. Let m = x - -5. What is the units digit of (0 - -7)/1 + m?
1
Suppose -3 = p + 2*s, -p + 4*s + 9 = -0*s. Suppose -i + 5*o = -20, p = -2*o + o. What is the tens digit of 642/15 + 3/i?
4
Let c = 40 - 33. Let t(k) = k**3 - 4*k**2 - 8*k - 1. Let z be t(c). Suppose -6*s + 336 = z. What is the units digit of s?
1
Let c = -7373 - -11554. What is the tens digit of c?
8
Suppose 0*q + q - 228 = -2*s, 5*q - 565 = -5*s. What is the hundreds digit of s?
1
Suppose 2*q = -2*q - 36. Let o(g) = g + 7. Let j be o(q). What is the tens digit of (2/3)/(j/(-60))?
2
Let g(y) = -5*y**3 + 2*y**2 + 6*y + 10. What is the units digit of g(-5)?
5
Let l = 353 + -164. Suppose -2*x = -5*x + l. What is the tens digit of x?
6
Suppose 5*f + 166 = 406. Suppose -3*g + 6 = -f. What is the units digit of (g/12)/((-3)/(-52))?
6
Let z = -63 + 134. Suppose 5*w = 0, -s + z = -4*w - 39. What is the units digit of s?
0
What is the units digit of 100/36*-3*-27?
5
Let q(s) = -8*s - 1. Let k be q(-1). Let t(u) be the third derivative of -u**6/120 + 2*u**5/15 - u**4/6 + u**3/2 + 5*u**2 + 2. What is the tens digit of t(k)?
2
Let g = 364 + -108. What is the hundreds digit of g?
2
Suppose 65 = -3*t - 544. Let k = -140 - t. What is the tens digit of k?
6
Let t = -16 - -28. Let z = 21 - t. What is the units digit of z?
9
What is the tens digit of 50568/215 - (-12)/(-10)?
3
Let i(a) = 109*a - 9. Let q(o) = -55*o + 5. Let m(h) = 6*i(h) + 11*q(h). Let f be m(1). Suppose f = -2*u + 3*u. What is the tens digit of u?
5
Suppose -4*h = -2*h - 6. Suppose h*n - 2*n = 43. Suppose i + 11 = n. What is the tens digit of i?
3
Suppose 4*g = -12, -2*u + 5*g + 35 - 2 = 0. Suppose 2*h + 3 - u = 0. Suppose h*t - 2*t - 22 = 0. What is the tens digit of t?
2
Let k = -647 + 1405. What is the units digit of k?
8
Suppose -i - 4*s = 4, -3*s + 4 = -i - 0*s. What is the tens digit of (-31 - 20/i)*(-11)/2?
4
Let a(z) = z**3 + 11*z**2 - 9*z + 14. Let r be a(-9). Let p = 392 - r. What is the tens digit of p?
3
Suppose -4*a - 2*w + 2 = -4*w, -13 = 4*a + w. What is the tens digit of 18/(4 + -3) + a?
1
Suppose 3*y + r = -y + 10, -2*r + 4 = 0. Suppose 3*q - q = -y. What is the tens digit of (0 - q)/(8/304)?
3
Let y = 946 - 341. What is the units digit of y?
5
Suppose -6*x + 22 = 3*s - 4*x, -x = 5*s - 32. Let w(f) = f**2 - 12*f + 44. What is the units digit of w(s)?
8
What is the units digit of 6355/15 + -4 + 13/39?
0
Suppose -3*n + 2*a = -92, n = 3*n - 3*a - 53. Suppose -123 = 5*z - 33. Let t = n + z. What is the units digit of t?
6
Suppose -24 = -5*g - 9, -4*g - 2358 = -5*y. What is the tens digit of y?
7
Suppose a = 4*q + 2059, 5*q = -a - 0*a + 2086. What is the hundreds digit of a?
0
What is the units digit of (-1340)/(-10) + (6/(-2))/(-1)?
7
Let v(b) be the first derivative of -b**5/120 + 13*b**4/24 + b**3 - 3. Let z(l) be the third derivative of v(l). What is the units digit of z(9)?
4
Suppose -i - 4*q + 169 = -443, -q = -2*i + 1251. What is the units digit of i?
4
Suppose -2*n + 40 = -188. Suppose -3*c - 1 = -4*c, -4*f = -2*c - n. What is the units digit of f?
9
Suppose 96*q - 374880 = 16*q. What is the hundreds digit of q?
6
Let g = 824 + -406. What is the tens digit of g?
1
What is the units digit of 48969/63 + 16/(-56)?
7
Let z be ((-6)/(-18))/(1/6). Suppose z*g = t + 20, -3*g + 31 = t + 1. What is the units digit of 16/(-10)*g/(-4)?
4
Let